(w/4)/((-3)/4). Determine q(k).
1
Suppose 4*b = 513*m - 511*m - 22, 2*m = 10. Let l(k) = -k**3 + 6*k + 3. Determine l(b).
12
Let b(c) = -40*c**2 - 18*c + 3. Let h(m) = 38*m**2 + 1. Let k(q) = 2*b(q) + 2*h(q). What is k(-9)?
8
Let j(m) be the third derivative of -m**6/60 - m**5/30 - m**4/12 + m**3/2 - 3*m**2. Let v(p) = p**3 - 2*p**2 + 5*p + 2. Let w be v(0). Determine j(w).
-25
Let z(j) = -225*j + 2253. Let m be z(10). Let r(t) = t**3 - t**2 - 5*t + 1. Let g(l) = -1. Let x be 2/10 + 22/(-10). Let b(v) = x*g(v) + r(v). Calculate b(m).
6
Let a(o) = -4*o**3 - 4*o**2 + 7*o - 5. Let s(d) = 5*d**3 + 4*d**2 - 9*d + 6. Let w be (-124)/(-44) + 2/11. Let q(b) = w*s(b) + 4*a(b). Calculate q(-4).
-6
Let l(v) be the first derivative of v**2/2 + 13*v - 7624. Let a be (0 - -1)*(2 - 2). Give l(a).
13
Let h = -146 + 228. Let v(k) = -k - 135 + h + 65. Determine v(7).
5
Let n(z) be the first derivative of 6*z**4 - 2*z**3/3 + z - 6. Let o(v) be the second derivative of -v**3/6 + 15*v**2 - 109*v. Let p be o(29). Calculate n(p).
23
Let p(y) = y**2 + 11*y + 8. Let m(q) = -q**3 - 12*q**2 - 3*q + 14. Let r be m(-12). Let b = r + -53. Let t be 26/(-2) + -4 + 5 - b. What is p(t)?
-10
Let y(q) be the third derivative of -1/3*q**3 + 3*q**2 + 0*q + 12 + 5/12*q**4. Calculate y(1).
8
Let s be 0/(-7 + 11 + -3). Let o(v) = 22*v + 5. Calculate o(s).
5
Let s(a) be the first derivative of -a**3/3 + 9*a**2 - 44*a - 7177. Give s(19).
-63
Let a(k) be the first derivative of -6*k - 5/3*k**3 - 23 + 1/2*k**2 - 1/4*k**4. Determine a(-5).
-11
Let k = -644 - -649. Let n(h) = -h**2 - h. Let j(y) = -7*y**2 - 3*y + 5. Let f(x) = j(x) - 6*n(x). Give f(k).
-5
Let s = -71 + 76. Suppose w + 2*z - 4 = 0, -z = s*w - 3*z - 8. Let t(u) = u**3 + 3 + 113*u**w - 57*u**2 - 61*u**2. Determine t(5).
3
Let y(h) = 3657 - 1830 - 8*h**2 + 11*h - 1818. Determine y(-1).
-10
Let s be 2394/(-168) - (-12)/(-16). Let h(b) = b**3 + 14*b**2 - 14*b + 17. Calculate h(s).
2
Let b(c) = 3*c. Let x(g) = -5*g + 2. Let z be (-1173)/552 + 2/16. Let s(h) = z*b(h) - x(h). Let o(t) = -t**2 + 8*t - 10. Let f be o(7). What is s(f)?
1
Let r(w) = -130*w - 1275. Let j(q) = 10*q + 98. Let i(k) = 155*j(k) + 12*r(k). Determine i(-11).
0
Suppose 4*m + 72 = 13*m. Suppose m = 9*h + 44. Let z(d) = d**2 + 5*d + 1. Calculate z(h).
-3
Let w(t) = t**2 + 17*t - 22. Let i(a) = 9*a**2 - 196*a - 63. Let v be i(22). Give w(v).
16
Let z(v) = 304*v - 8. Let i be z(0). Let h(t) = t**3 + 8*t**2 + 21. Determine h(i).
21
Let q(g) = -g**3 - 1137746*g**2 + 568981*g**2 + 22*g + 14 + 568757*g**2. Let z be (5 + -1)/((-2)/5). Give q(z).
-6
Let s(c) be the second derivative of -c**4/12 - c**3 + 17*c**2/2 + 3*c + 1718. What is s(-8)?
1
Let o = -148 - -157. Let w(u) = -12 - 17 + o + 16*u - u**2 + 3. What is w(15)?
-2
Let w(p) be the first derivative of p**2/2 - 29*p + 85. Give w(14).
-15
Let o(m) = m - 1. Let l(c) = c**2 - 14*c + 1. Let p(k) = l(k) + 2*o(k). Suppose -91*y + 172 + 74 = -391. Give p(y).
-36
Let u(p) be the second derivative of -p**6/720 - p**5/30 - 13*p**4/12 - 16*p - 3. Let x(g) be the third derivative of u(g). Determine x(-8).
4
Let v(t) = 82*t**2 + 3*t - 3. Let a(z) = 396*z**2 + 15*z - 15. Let x(k) = -6*a(k) + 29*v(k). Calculate x(3).
12
Let b(z) = -z**2 + 43*z - 373. Let i be b(12). Let d(x) = x - 8. Let y be d(8). Let g(k) = y*k**3 - 5 - 2*k**3 + 4 + 3*k**3. Determine g(i).
-2
Let m(w) be the second derivative of -w**4/12 + 4*w**3/3 - 5*w**2/2 - w - 2. Let i be m(9). Let b(t) = -2*t - 14. What is b(i)?
14
Let w = 45 + -40. Let h be w - -1 - ((-21)/(-3) - 5). Let z(a) = -h*a**2 - 9*a - 8 - 7*a**2 + 10*a**2. What is z(-7)?
6
Let z = 6 - -1. Let d(v) = v - z*v - 3 + 4*v. Let f(o) = 5933*o - 539906. Let r be f(91). Determine d(r).
3
Let q = 1615 - 1067. Let b = q - 558. Let x(v) = v + 3. Calculate x(b).
-7
Suppose -26*y + 290 = -37 - 167. Let v(i) = i - 50. Give v(y).
-31
Suppose -g = -3*q + 10, 3*g - 7 - 3 = -q. Let m(b) = -b - q - 5*b**2 - 4*b + 6*b**2. What is m(6)?
2
Let i(l) = -16*l**2 + 43*l + 47. Let w(h) = -3*h**2 + 5*h + 2. Let u(p) = -i(p) + 5*w(p). Give u(17).
-54
Let m(b) = -6*b**2 + 3*b - 17*b**3 + 5 + 37*b**3 + 3*b - 19*b**3. Suppose -5*x = -34 + 24. Suppose 0*v = -x*v - 2, 0 = 4*k + 3*v - 17. Calculate m(k).
10
Let o = -4 + 1. Let j(x) = 2*x**2 + 334 - 166 - 168 + x**3 + x. Calculate j(o).
-12
Let d(a) = a**3 + 12*a**2 - 63*a + 18. Suppose b + 21 = 59*r - 54*r, -69 = 4*b - 5*r. Calculate d(b).
2
Let g(z) be the third derivative of 3*z**4/8 - z**3/3 + 7*z**2 + 211*z. Determine g(4).
34
Let l(g) be the third derivative of -g**5/60 + g**4/3 - 13*g**3/6 + 10*g**2 + 47. Determine l(5).
2
Let v(j) = -373*j - 6 - 279*j - 364*j + 1014*j. Suppose -5*l + 39 = -w, -2*l - 4*w = -3*w - 17. Calculate v(l).
-22
Let c(w) = -11 + 45 - 11 - 6 - w**2 + 7*w - 14. What is c(0)?
3
Let u be -5*(57/20 + (-40)/32). Let a be 437/92 - (-6)/u. Let d(s) = -s**3 + 2*s**2 + 3*s - 5. What is d(a)?
-25
Let l(c) = -171 + 87*c**2 + c + 11*c + 170 - 88*c**2. What is l(13)?
-14
Let j(l) = 113*l + 94*l**3 + 115*l + 2 + 114*l + 117*l - 457*l - l**2. What is j(-1)?
-95
Let p(z) be the second derivative of z**5/20 + 3*z**4/4 + 11*z**3/3 + 7*z**2/2 - 3010*z. What is p(-3)?
-5
Let k(u) = 3*u + 10. Suppose -s - 5 = -o - 24, -5*o - 107 = -s. Let r be 99/o*(-5)/((-45)/12). What is k(r)?
-8
Let f(v) = -2 - v**3 - 5 + 5 + 4*v**2 - 2*v + 6. Suppose 0 = 7*y - 7 - 21. Give f(y).
-4
Let g be 2 + -7 + -5 + 78. Let o = 64 - g. Let w(c) = c - 1. Let k(m) = -1. Let d(v) = 5*k(v) - w(v). Give d(o).
0
Let w(n) be the second derivative of -13*n**3/6 + 25*n**2/2 - 37*n - 2. Let t(p) = -15*p + 27. Let u(f) = 5*t(f) - 6*w(f). Determine u(7).
6
Let p(q) = -q**3 - 8*q**2 - 7*q + 15. Let s(n) = 5*n**3 - 17*n**2 + 11*n - 1. Let i be s(2). What is p(i)?
15
Let z(r) = -998 - 995 + 1990 + 10*r. Determine z(1).
7
Let p(d) be the second derivative of -d**5/20 + 2*d**4/3 - d**3/3 - 4*d**2 - 3107*d. What is p(8)?
-24
Let u(q) = q**3 - 16*q**2 - 16*q - 14. Let d be ((-48)/(-20))/((-12)/(-680)). Let k = -119 + d. Calculate u(k).
3
Let g(j) = 39*j - j**3 + 548 - 257 - 38*j**2 - 280. Determine g(-39).
11
Let r(v) = 2*v**2 + 7*v - 7. Let l = -15 + 16. Let i be r(l). Suppose -3*k = -i - 10. Let g(z) = -z**3 + 3*z**2 + 5*z - 6. Give g(k).
-2
Let y(b) = b**2 - 46*b + 87. Let f(w) = 2*w**2 + 56*w + 404. Let h be f(-10). Determine y(h).
-1
Let n = -3618 + 3610. Let f(p) = -p**2 - 8*p + 14. Give f(n).
14
Let g(q) = -3*q**3 + q**2 + 11*q. Let p(y) = y**3 + y**2 + 1. Let u(z) = -g(z) - 2*p(z). Let f be u(5). Let d(l) = l + 3 + l**3 + 8*l**2 + 2 - l**2. Give d(f).
-2
Let w be (2 - 2)/(-3) - -2. Let a = -3 - w. Let s(l) be the first derivative of l**4/4 + 5*l**3/3 + 3*l**2/2 + 4*l + 2588. What is s(a)?
-11
Let d(h) = -h**2 - 14*h - 13. Suppose -4*v + 30 = -2*n, 33 = -4*n - v - 0*v. Determine d(n).
32
Let n(u) be the second derivative of 2*u**3/3 + 25*u**2 - 3*u - 1779. What is n(-10)?
10
Let j(y) = 5*y**2 - 4*y - 8. Let f(s) = -1093*s + 6562. Let q be f(6). What is j(q)?
56
Let k(a) = 2*a**2 - 20 - 15*a**2 - 299*a**3 + 298*a**3 + 14*a - 2*a. Suppose -16*t - 69 - 155 = 0. Determine k(t).
8
Let t(x) = -24 - 23*x**2 - 18 + 41*x**2 + 53 - 22*x**2 - x**3 + 8*x. Calculate t(-5).
-4
Let p(f) be the second derivative of f**5/20 + 3*f**4/4 + 4*f**3/3 - 3*f**2 + 688*f. What is p(-8)?
-6
Let b = 11682 - 11684. Let o(c) be the third derivative of -c**4/12 - c**3/2 + 3*c**2. Determine o(b).
1
Suppose 14 = 5*x - 6. Suppose -x*k + 10 = 18. Let y be (k/(-8))/(1/(-4)). Let w(q) = 2*q**2 - q. What is w(y)?
3
Let u(s) = s**2 - 3*s + 3. Suppose -87 = -4*n - w - 10, 0 = 2*w - 2. Suppose -n*a + 10 = -17*a. What is u(a)?
13
Let y(m) = 7*m - 3. Let z(h) = 165*h + 332. Let g be z(-2). Determine y(g).
11
Let b(u) = 0*u**2 - 116*u + 110*u - u**3 + u**2 + 4*u**2. Suppose -2*f = -n, -n - 3*f = -0*f - 10. Determine b(n).
-8
Let n(s) = 2*s + 6. Let t = -9880 - -9882. What is n(t)?
10
Let u(k) = -2*k**2 + 2*k + 2. Suppose 0 = 5*l - 5*z + 5, 2*l + 0*l + 4*z = 22. Suppose 0 = -2*m + 16 + 8. Suppose -8*i = -l*i + b - m, -b = 3. Calculate u(i).
-10
Let u(z) be the first derivative of -38*z**3/3 + z**2 + 3*z - 1353. Determine u(-1).
-37
Let o = 603 + -598. Suppose u + 2*u = -5*f + 32, o*u - 50 = -5*f. Let t(q) = -q**3 + 8*q**2 + 11*q - 3. Give t(u).
1